{"id":4148,"date":"2025-03-19T04:32:05","date_gmt":"2025-03-19T03:32:05","guid":{"rendered":"https:\/\/museenat-moudjahid.dz\/?page_id=4148"},"modified":"2026-02-07T21:32:45","modified_gmt":"2026-02-07T20:32:45","slug":"aboutusfr","status":"publish","type":"page","link":"https:\/\/museenat-moudjahid.dz\/?page_id=4148&lang=fr","title":{"rendered":"AboutUsFr"},"content":{"rendered":"\t\t<div data-elementor-type=\"wp-page\" data-elementor-id=\"4148\" class=\"elementor elementor-4148\">\n\t\t\t\t<div class=\"elementor-element elementor-element-af9412d e-con-full e-flex e-con e-parent\" data-id=\"af9412d\" data-element_type=\"container\" data-e-type=\"container\" data-settings=\"{&quot;background_background&quot;:&quot;classic&quot;,&quot;shape_divider_bottom&quot;:&quot;tilt&quot;}\">\n\t\t\t\t<div class=\"elementor-shape elementor-shape-bottom\" aria-hidden=\"true\" data-negative=\"false\">\n\t\t\t<svg xmlns=\"http:\/\/www.w3.org\/2000\/svg\" viewBox=\"0 0 1000 100\" preserveAspectRatio=\"none\">\n\t<path class=\"elementor-shape-fill\" d=\"M0,6V0h1000v100L0,6z\"\/>\n<\/svg>\t\t<\/div>\n\t\t<div class=\"elementor-element elementor-element-6d39f74 e-con-full e-flex e-con e-child\" data-id=\"6d39f74\" data-element_type=\"container\" data-e-type=\"container\">\n\t\t\t\t<div class=\"elementor-element elementor-element-da65723 elementor-widget elementor-widget-icon-box\" data-id=\"da65723\" data-element_type=\"widget\" data-e-type=\"widget\" data-widget_type=\"icon-box.default\">\n\t\t\t\t<div class=\"elementor-widget-container\">\n\t\t\t\t\t\t\t<div class=\"elementor-icon-box-wrapper\">\n\n\t\t\t\n\t\t\t\t\t\t<div class=\"elementor-icon-box-content\">\n\n\t\t\t\t\t\t\t\t\t<h1 class=\"elementor-icon-box-title\">\n\t\t\t\t\t\t<span  >\n\t\t\t\t\t\t\t\u00c0 Propos du Mus\u00e9e\t\t\t\t\t\t<\/span>\n\t\t\t\t\t<\/h1>\n\t\t\t\t\n\t\t\t\t\n\t\t\t<\/div>\n\t\t\t\n\t\t<\/div>\n\t\t\t\t\t\t<\/div>\n\t\t\t\t<\/div>\n\t\t\t\t<\/div>\n\t\t\t\t<\/div>\n\t\t<div class=\"elementor-element elementor-element-6902628 e-flex e-con-boxed e-con e-parent\" data-id=\"6902628\" data-element_type=\"container\" data-e-type=\"container\" data-settings=\"{&quot;background_background&quot;:&quot;classic&quot;}\">\n\t\t\t\t\t<div class=\"e-con-inner\">\n\t\t<div class=\"elementor-element elementor-element-bed2d53 e-con-full e-flex e-con e-child\" data-id=\"bed2d53\" data-element_type=\"container\" data-e-type=\"container\">\n\t\t<div class=\"elementor-element elementor-element-965b188 e-con-full e-flex e-con e-child\" data-id=\"965b188\" data-element_type=\"container\" data-e-type=\"container\">\n\t\t\t\t<div class=\"elementor-element elementor-element-e6c3379 elementor-invisible elementor-widget elementor-widget-heading\" data-id=\"e6c3379\" data-element_type=\"widget\" data-e-type=\"widget\" data-settings=\"{&quot;_animation&quot;:&quot;fadeInRight&quot;}\" data-widget_type=\"heading.default\">\n\t\t\t\t<div class=\"elementor-widget-container\">\n\t\t\t\t\t<h2 class=\"elementor-heading-title elementor-size-default\">\u00c0 Propos du Mus\u00e9e<\/h2>\t\t\t\t<\/div>\n\t\t\t\t<\/div>\n\t\t\t\t<div class=\"elementor-element elementor-element-a18841a elementor-widget-divider--view-line elementor-invisible elementor-widget elementor-widget-divider\" data-id=\"a18841a\" data-element_type=\"widget\" data-e-type=\"widget\" data-settings=\"{&quot;_animation&quot;:&quot;fadeInRight&quot;}\" data-widget_type=\"divider.default\">\n\t\t\t\t<div class=\"elementor-widget-container\">\n\t\t\t\t\t\t\t<div class=\"elementor-divider\">\n\t\t\t<span class=\"elementor-divider-separator\">\n\t\t\t\t\t\t<\/span>\n\t\t<\/div>\n\t\t\t\t\t\t<\/div>\n\t\t\t\t<\/div>\n\t\t\t\t<div class=\"elementor-element elementor-element-ac5a09d elementor-invisible elementor-widget elementor-widget-text-editor\" data-id=\"ac5a09d\" data-element_type=\"widget\" data-e-type=\"widget\" data-settings=\"{&quot;_animation&quot;:&quot;fadeInRight&quot;}\" data-widget_type=\"text-editor.default\">\n\t\t\t\t<div class=\"elementor-widget-container\">\n\t\t\t\t\t\t\t\t\t<p data-start=\"3623\" data-end=\"4085\">Le Mus\u00e9e National du Moudjahid est un monument historique et culturel embl\u00e9matique en Alg\u00e9rie, d\u00e9di\u00e9 \u00e0 la pr\u00e9servation de la m\u00e9moire de la R\u00e9volution alg\u00e9rienne et \u00e0 la comm\u00e9moration de la lutte du peuple alg\u00e9rien contre la colonisation fran\u00e7aise. Situ\u00e9 dans la partie inf\u00e9rieure du \u00ab Maqam El Chahid \u00bb sur un plateau \u00e9lev\u00e9 \u00e0 Alger, il constitue un site strat\u00e9gique symbolisant les sacrifices des moudjahidines et des martyrs pour la libert\u00e9 et l\u2019ind\u00e9pendance.<\/p>\t\t\t\t\t\t\t\t<\/div>\n\t\t\t\t<\/div>\n\t\t\t\t<div class=\"elementor-element elementor-element-5b7368a elementor-invisible elementor-widget elementor-widget-heading\" data-id=\"5b7368a\" data-element_type=\"widget\" data-e-type=\"widget\" data-settings=\"{&quot;_animation&quot;:&quot;fadeInRight&quot;}\" data-widget_type=\"heading.default\">\n\t\t\t\t<div class=\"elementor-widget-container\">\n\t\t\t\t\t<h2 class=\"elementor-heading-title elementor-size-default\">Histoire du Mus\u00e9e\n<\/h2>\t\t\t\t<\/div>\n\t\t\t\t<\/div>\n\t\t\t\t<div class=\"elementor-element elementor-element-1858b3d elementor-invisible elementor-widget elementor-widget-text-editor\" data-id=\"1858b3d\" data-element_type=\"widget\" data-e-type=\"widget\" data-settings=\"{&quot;_animation&quot;:&quot;fadeInRight&quot;}\" data-widget_type=\"text-editor.default\">\n\t\t\t\t<div class=\"elementor-widget-container\">\n\t\t\t\t\t\t\t\t\t<p data-start=\"4116\" data-end=\"4736\">Le Mus\u00e9e National du Moudjahid a \u00e9t\u00e9 cr\u00e9\u00e9 le 2 d\u00e9cembre 1972 par l\u2019ordonnance n\u00b0 66-72, avec son premier si\u00e8ge situ\u00e9 rue de la Victoire \u00e0 El Biar. Sous la pr\u00e9sidence du d\u00e9funt Chadli Bendjedid et apr\u00e8s la construction du Maqam El Chahid, le mus\u00e9e a \u00e9t\u00e9 transf\u00e9r\u00e9 \u00e0 Riadh El Feth et inaugur\u00e9 le 5 juillet 1982. En 1993, il a \u00e9t\u00e9 plac\u00e9 sous la tutelle du Minist\u00e8re des Moudjahidines et rebaptis\u00e9 de \u00ab Mus\u00e9e du Jihad \u00bb en \u00ab Mus\u00e9e National du Moudjahid \u00bb, devenant ainsi une institution consacr\u00e9e \u00e0 la pr\u00e9servation du patrimoine historique li\u00e9 \u00e0 la r\u00e9sistance populaire, au mouvement national et \u00e0 la guerre de lib\u00e9ration.<\/p>\t\t\t\t\t\t\t\t<\/div>\n\t\t\t\t<\/div>\n\t\t\t\t<\/div>\n\t\t\t\t<\/div>\n\t\t<div class=\"elementor-element elementor-element-e8485c0 e-con-full e-flex e-con e-child\" data-id=\"e8485c0\" data-element_type=\"container\" data-e-type=\"container\">\n\t\t\t\t<div class=\"elementor-element elementor-element-cbf140d elementor-invisible elementor-widget elementor-widget-image\" data-id=\"cbf140d\" data-element_type=\"widget\" data-e-type=\"widget\" data-settings=\"{&quot;_animation&quot;:&quot;fadeInLeft&quot;}\" data-widget_type=\"image.default\">\n\t\t\t\t<div class=\"elementor-widget-container\">\n\t\t\t\t\t\t\t\t\t\t\t\t\t\t\t<img fetchpriority=\"high\" decoding=\"async\" width=\"2560\" height=\"1440\" src=\"https:\/\/museenat-moudjahid.dz\/wp-content\/uploads\/2025\/03\/DJI_0012.MP4.00_00_00_00.Still001-scaled.jpg\" class=\"attachment-full size-full wp-image-2707\" alt=\"\" srcset=\"https:\/\/museenat-moudjahid.dz\/wp-content\/uploads\/2025\/03\/DJI_0012.MP4.00_00_00_00.Still001-scaled.jpg 2560w, https:\/\/museenat-moudjahid.dz\/wp-content\/uploads\/2025\/03\/DJI_0012.MP4.00_00_00_00.Still001-300x169.jpg 300w, https:\/\/museenat-moudjahid.dz\/wp-content\/uploads\/2025\/03\/DJI_0012.MP4.00_00_00_00.Still001-1024x576.jpg 1024w, https:\/\/museenat-moudjahid.dz\/wp-content\/uploads\/2025\/03\/DJI_0012.MP4.00_00_00_00.Still001-768x432.jpg 768w, https:\/\/museenat-moudjahid.dz\/wp-content\/uploads\/2025\/03\/DJI_0012.MP4.00_00_00_00.Still001-1536x864.jpg 1536w, https:\/\/museenat-moudjahid.dz\/wp-content\/uploads\/2025\/03\/DJI_0012.MP4.00_00_00_00.Still001-2048x1152.jpg 2048w\" sizes=\"(max-width: 2560px) 100vw, 2560px\" \/>\t\t\t\t\t\t\t\t\t\t\t\t\t\t\t<\/div>\n\t\t\t\t<\/div>\n\t\t\t\t<div class=\"elementor-element elementor-element-8fcc3e1 elementor-invisible elementor-widget elementor-widget-image\" data-id=\"8fcc3e1\" data-element_type=\"widget\" data-e-type=\"widget\" data-settings=\"{&quot;_animation&quot;:&quot;fadeInLeft&quot;}\" data-widget_type=\"image.default\">\n\t\t\t\t<div class=\"elementor-widget-container\">\n\t\t\t\t\t\t\t\t\t\t\t\t\t\t\t<img decoding=\"async\" width=\"1500\" height=\"844\" src=\"https:\/\/museenat-moudjahid.dz\/wp-content\/uploads\/2025\/03\/C6218.MP4.00_00_01_56.Sti001.jpg\" class=\"attachment-full size-full wp-image-2792\" alt=\"\" srcset=\"https:\/\/museenat-moudjahid.dz\/wp-content\/uploads\/2025\/03\/C6218.MP4.00_00_01_56.Sti001.jpg 1500w, https:\/\/museenat-moudjahid.dz\/wp-content\/uploads\/2025\/03\/C6218.MP4.00_00_01_56.Sti001-300x169.jpg 300w, https:\/\/museenat-moudjahid.dz\/wp-content\/uploads\/2025\/03\/C6218.MP4.00_00_01_56.Sti001-1024x576.jpg 1024w, https:\/\/museenat-moudjahid.dz\/wp-content\/uploads\/2025\/03\/C6218.MP4.00_00_01_56.Sti001-768x432.jpg 768w\" sizes=\"(max-width: 1500px) 100vw, 1500px\" \/>\t\t\t\t\t\t\t\t\t\t\t\t\t\t\t<\/div>\n\t\t\t\t<\/div>\n\t\t\t\t<\/div>\n\t\t\t\t\t<\/div>\n\t\t\t\t<\/div>\n\t\t<div class=\"elementor-element elementor-element-bc00bca e-flex e-con-boxed e-con e-parent\" data-id=\"bc00bca\" data-element_type=\"container\" data-e-type=\"container\" data-settings=\"{&quot;background_background&quot;:&quot;classic&quot;}\">\n\t\t\t\t\t<div class=\"e-con-inner\">\n\t\t<div class=\"elementor-element elementor-element-2cdc326 e-con-full e-flex e-con e-child\" data-id=\"2cdc326\" data-element_type=\"container\" data-e-type=\"container\">\n\t\t\t\t<div class=\"elementor-element elementor-element-c25e46a elementor-invisible elementor-widget elementor-widget-text-editor\" data-id=\"c25e46a\" data-element_type=\"widget\" data-e-type=\"widget\" data-settings=\"{&quot;_animation&quot;:&quot;fadeInRight&quot;}\" data-widget_type=\"text-editor.default\">\n\t\t\t\t<div class=\"elementor-widget-container\">\n\t\t\t\t\t\t\t\t\t<h4 data-start=\"4738\" data-end=\"4779\"><strong data-start=\"4743\" data-end=\"4777\">Structure et Sections du Mus\u00e9e<\/strong><\/h4><p data-start=\"4780\" data-end=\"4886\">Le mus\u00e9e comprend plusieurs sections majeures illustrant les diff\u00e9rentes \u00e9tapes de la lutte alg\u00e9rienne :<\/p><ul data-start=\"4888\" data-end=\"5539\"><li data-start=\"4888\" data-end=\"4982\"><strong data-start=\"4890\" data-end=\"4909\">Hall du Mus\u00e9e :<\/strong> L\u2019entr\u00e9e principale qui pr\u00e9pare les visiteurs \u00e0 l\u2019exp\u00e9rience du mus\u00e9e.<\/li><li data-start=\"4983\" data-end=\"5100\"><strong data-start=\"4985\" data-end=\"5012\">Aile de la R\u00e9sistance :<\/strong> Pr\u00e9sente l\u2019histoire de la r\u00e9sistance populaire depuis l\u2019occupation fran\u00e7aise en 1830.<\/li><li data-start=\"5101\" data-end=\"5233\"><strong data-start=\"5103\" data-end=\"5144\">Aile de la R\u00e9volution de Lib\u00e9ration :<\/strong> Met en lumi\u00e8re les \u00e9v\u00e9nements et les d\u00e9veloppements de la R\u00e9volution de Novembre 1954.<\/li><li data-start=\"5234\" data-end=\"5353\"><strong data-start=\"5236\" data-end=\"5268\">Aile du Mouvement National :<\/strong> Retrace l\u2019\u00e9volution de la pens\u00e9e politique et r\u00e9volutionnaire avant la r\u00e9volution.<\/li><li data-start=\"5354\" data-end=\"5455\"><strong data-start=\"5356\" data-end=\"5384\">Aile de l\u2019Ind\u00e9pendance :<\/strong> Expose les r\u00e9alisations de l\u2019Alg\u00e9rie apr\u00e8s son ind\u00e9pendance en 1962.<\/li><li data-start=\"5456\" data-end=\"5539\"><strong data-start=\"5458\" data-end=\"5480\">D\u00f4me du Souvenir :<\/strong> Un espace d\u00e9di\u00e9 \u00e0 l\u2019hommage et \u00e0 la m\u00e9moire des martyrs.<\/li><\/ul><h4 data-start=\"5541\" data-end=\"5570\"><strong data-start=\"5546\" data-end=\"5568\">Objectifs du Mus\u00e9e<\/strong><\/h4><p data-start=\"5571\" data-end=\"5639\">Le mus\u00e9e vise \u00e0 atteindre plusieurs objectifs majeurs, notamment :<\/p><ul data-start=\"5641\" data-end=\"6111\"><li data-start=\"5641\" data-end=\"5754\">Collecter et restaurer des documents et objets historiques li\u00e9s \u00e0 la r\u00e9sistance et \u00e0 la guerre de lib\u00e9ration.<\/li><li data-start=\"5755\" data-end=\"5838\">Exposer ces collections au public afin d\u2019am\u00e9liorer la compr\u00e9hension historique.<\/li><li data-start=\"5839\" data-end=\"5935\">Enregistrer et pr\u00e9server les t\u00e9moignages des moudjahidines pour les chercheurs et \u00e9tudiants.<\/li><li data-start=\"5936\" data-end=\"6047\">Organiser des expositions permanentes et temporaires pour sensibiliser les visiteurs \u00e0 la lutte alg\u00e9rienne.<\/li><li data-start=\"6048\" data-end=\"6111\">Ouvrir ses portes au public tous les jours de 9h00 \u00e0 22h00.<\/li><\/ul><h3><img decoding=\"async\" class=\"alignnone wp-image-2708 size-full\" src=\"https:\/\/museenat-moudjahid.dz\/wp-content\/uploads\/2025\/03\/DJI_0020.MP4.00_00_08_12.Still002-scaled.jpg\" alt=\"\" width=\"2560\" height=\"1440\" srcset=\"https:\/\/museenat-moudjahid.dz\/wp-content\/uploads\/2025\/03\/DJI_0020.MP4.00_00_08_12.Still002-scaled.jpg 2560w, https:\/\/museenat-moudjahid.dz\/wp-content\/uploads\/2025\/03\/DJI_0020.MP4.00_00_08_12.Still002-300x169.jpg 300w, https:\/\/museenat-moudjahid.dz\/wp-content\/uploads\/2025\/03\/DJI_0020.MP4.00_00_08_12.Still002-1024x576.jpg 1024w, https:\/\/museenat-moudjahid.dz\/wp-content\/uploads\/2025\/03\/DJI_0020.MP4.00_00_08_12.Still002-768x432.jpg 768w, https:\/\/museenat-moudjahid.dz\/wp-content\/uploads\/2025\/03\/DJI_0020.MP4.00_00_08_12.Still002-1536x864.jpg 1536w, https:\/\/museenat-moudjahid.dz\/wp-content\/uploads\/2025\/03\/DJI_0020.MP4.00_00_08_12.Still002-2048x1152.jpg 2048w\" sizes=\"(max-width: 2560px) 100vw, 2560px\" \/><\/h3><h4 data-start=\"6113\" data-end=\"6146\"><strong data-start=\"6118\" data-end=\"6144\">Installations du Mus\u00e9e<\/strong><\/h4><p data-start=\"6147\" data-end=\"6276\">Le Mus\u00e9e National du Moudjahid dispose de plusieurs infrastructures qui facilitent l\u2019accomplissement de sa mission, notamment :<\/p><ul data-start=\"6278\" data-end=\"6802\"><li data-start=\"6278\" data-end=\"6370\"><strong data-start=\"6280\" data-end=\"6301\">Salle d\u2019Honneur :<\/strong> R\u00e9serv\u00e9e \u00e0 l\u2019accueil des personnalit\u00e9s et d\u00e9l\u00e9gations officielles.<\/li><li data-start=\"6371\" data-end=\"6475\"><strong data-start=\"6373\" data-end=\"6391\">Biblioth\u00e8que :<\/strong> Contient des ouvrages et r\u00e9f\u00e9rences sur l\u2019histoire de l\u2019Alg\u00e9rie et la r\u00e9sistance.<\/li><li data-start=\"6476\" data-end=\"6559\"><strong data-start=\"6478\" data-end=\"6504\">Salle de Conf\u00e9rences :<\/strong> Utilis\u00e9e pour des colloques et \u00e9v\u00e9nements culturels.<\/li><li data-start=\"6560\" data-end=\"6635\"><strong data-start=\"6562\" data-end=\"6586\">Salle des Archives :<\/strong> Renferme des documents historiques importants.<\/li><li data-start=\"6636\" data-end=\"6737\"><strong data-start=\"6638\" data-end=\"6674\">Forum Internet &amp; Communication :<\/strong> Permet aux visiteurs de faire des recherches et d\u2019interagir.<\/li><li data-start=\"6738\" data-end=\"6802\"><strong data-start=\"6740\" data-end=\"6752\">Studio :<\/strong> D\u00e9di\u00e9 \u00e0 la production de contenus audiovisuels.<\/li><\/ul><p><img loading=\"lazy\" decoding=\"async\" class=\"alignnone wp-image-2706 size-full\" src=\"https:\/\/museenat-moudjahid.dz\/wp-content\/uploads\/2025\/03\/C6201.MP4.00_00_09_18.Still001-scaled.jpg\" alt=\"\" width=\"2560\" height=\"1440\" srcset=\"https:\/\/museenat-moudjahid.dz\/wp-content\/uploads\/2025\/03\/C6201.MP4.00_00_09_18.Still001-scaled.jpg 2560w, https:\/\/museenat-moudjahid.dz\/wp-content\/uploads\/2025\/03\/C6201.MP4.00_00_09_18.Still001-300x169.jpg 300w, https:\/\/museenat-moudjahid.dz\/wp-content\/uploads\/2025\/03\/C6201.MP4.00_00_09_18.Still001-1024x576.jpg 1024w, https:\/\/museenat-moudjahid.dz\/wp-content\/uploads\/2025\/03\/C6201.MP4.00_00_09_18.Still001-768x432.jpg 768w, https:\/\/museenat-moudjahid.dz\/wp-content\/uploads\/2025\/03\/C6201.MP4.00_00_09_18.Still001-1536x864.jpg 1536w, https:\/\/museenat-moudjahid.dz\/wp-content\/uploads\/2025\/03\/C6201.MP4.00_00_09_18.Still001-2048x1152.jpg 2048w\" sizes=\"(max-width: 2560px) 100vw, 2560px\" \/><\/p><h3><strong>\u00a0<\/strong><\/h3><h4 data-start=\"6804\" data-end=\"6834\"><strong data-start=\"6809\" data-end=\"6832\">Importance du Mus\u00e9e<\/strong><\/h4><p data-start=\"6835\" data-end=\"7284\">Le Mus\u00e9e National du Moudjahid constitue un pilier fondamental dans la valorisation de l\u2019histoire de l\u2019Alg\u00e9rie. Il contribue \u00e0 la diffusion de la conscience nationale aupr\u00e8s des nouvelles g\u00e9n\u00e9rations gr\u00e2ce \u00e0 une approche documentaire moderne. Il repr\u00e9sente \u00e9galement un espace privil\u00e9gi\u00e9 pour la recherche scientifique et les \u00e9tudes historiques sur la R\u00e9volution alg\u00e9rienne, en faisant une destination culturelle et \u00e9ducative majeure dans le pays.<\/p>\t\t\t\t\t\t\t\t<\/div>\n\t\t\t\t<\/div>\n\t\t\t\t<div class=\"elementor-element elementor-element-913c2c1 elementor-invisible elementor-widget elementor-widget-text-editor\" data-id=\"913c2c1\" data-element_type=\"widget\" data-e-type=\"widget\" data-settings=\"{&quot;_animation&quot;:&quot;fadeInRight&quot;}\" data-widget_type=\"text-editor.default\">\n\t\t\t\t<div class=\"elementor-widget-container\">\n\t\t\t\t\t\t\t\t\t<p data-start=\"7286\" data-end=\"7384\" data-is-last-node=\"\" data-is-only-node=\"\">Le mus\u00e9e s\u2019engage \u00e0 prot\u00e9ger, pr\u00e9server et transmettre le patrimoine historique national alg\u00e9rien.<\/p>\t\t\t\t\t\t\t\t<\/div>\n\t\t\t\t<\/div>\n\t\t\t\t<\/div>\n\t\t\t\t\t<\/div>\n\t\t\t\t<\/div>\n\t\t\t\t<\/div>\n\t\t","protected":false},"excerpt":{"rendered":"<p>\u00c0 Propos du Mus\u00e9e \u00c0 Propos du Mus\u00e9e Le Mus\u00e9e National du Moudjahid est un monument historique et culturel embl\u00e9matique en Alg\u00e9rie, d\u00e9di\u00e9 \u00e0 la pr\u00e9servation de la m\u00e9moire de [&hellip;]<\/p>\n","protected":false},"author":1,"featured_media":0,"parent":0,"menu_order":0,"comment_status":"closed","ping_status":"closed","template":"","meta":{"site-sidebar-layout":"no-sidebar","site-content-layout":"page-builder","ast-site-content-layout":"full-width-container","site-content-style":"unboxed","site-sidebar-style":"unboxed","ast-global-header-display":"","ast-banner-title-visibility":"","ast-main-header-display":"","ast-hfb-above-header-display":"","ast-hfb-below-header-display":"","ast-hfb-mobile-header-display":"","site-post-title":"disabled","ast-breadcrumbs-content":"disabled","ast-featured-img":"disabled","footer-sml-layout":"","ast-disable-related-posts":"","theme-transparent-header-meta":"enabled","adv-header-id-meta":"","stick-header-meta":"","header-above-stick-meta":"","header-main-stick-meta":"","header-below-stick-meta":"","astra-migrate-meta-layouts":"set","ast-page-background-enabled":"default","ast-page-background-meta":{"desktop":{"background-color":"","background-image":"","background-repeat":"repeat","background-position":"center center","background-size":"auto","background-attachment":"scroll","background-type":"","background-media":"","overlay-type":"","overlay-color":"","overlay-opacity":"","overlay-gradient":""},"tablet":{"background-color":"","background-image":"","background-repeat":"repeat","background-position":"center center","background-size":"auto","background-attachment":"scroll","background-type":"","background-media":"","overlay-type":"","overlay-color":"","overlay-opacity":"","overlay-gradient":""},"mobile":{"background-color":"","background-image":"","background-repeat":"repeat","background-position":"center center","background-size":"auto","background-attachment":"scroll","background-type":"","background-media":"","overlay-type":"","overlay-color":"","overlay-opacity":"","overlay-gradient":""}},"ast-content-background-meta":{"desktop":{"background-color":"var(--ast-global-color-5)","background-image":"","background-repeat":"repeat","background-position":"center center","background-size":"auto","background-attachment":"scroll","background-type":"","background-media":"","overlay-type":"","overlay-color":"","overlay-opacity":"","overlay-gradient":""},"tablet":{"background-color":"var(--ast-global-color-5)","background-image":"","background-repeat":"repeat","background-position":"center center","background-size":"auto","background-attachment":"scroll","background-type":"","background-media":"","overlay-type":"","overlay-color":"","overlay-opacity":"","overlay-gradient":""},"mobile":{"background-color":"var(--ast-global-color-5)","background-image":"","background-repeat":"repeat","background-position":"center center","background-size":"auto","background-attachment":"scroll","background-type":"","background-media":"","overlay-type":"","overlay-color":"","overlay-opacity":"","overlay-gradient":""}},"_EventAllDay":false,"_EventTimezone":"","_EventStartDate":"","_EventEndDate":"","_EventStartDateUTC":"","_EventEndDateUTC":"","_EventShowMap":false,"_EventShowMapLink":false,"_EventURL":"","_EventCost":"","_EventCostDescription":"","_EventCurrencySymbol":"","_EventCurrencyCode":"","_EventCurrencyPosition":"","_EventDateTimeSeparator":"","_EventTimeRangeSeparator":"","_EventOrganizerID":[],"_EventVenueID":[],"_OrganizerEmail":"","_OrganizerPhone":"","_OrganizerWebsite":"","_VenueAddress":"","_VenueCity":"","_VenueCountry":"","_VenueProvince":"","_VenueState":"","_VenueZip":"","_VenuePhone":"","_VenueURL":"","_VenueStateProvince":"","_VenueLat":"","_VenueLng":"","_VenueShowMap":false,"_VenueShowMapLink":false,"footnotes":"","_links_to":"","_links_to_target":""},"class_list":["post-4148","page","type-page","status-publish","hentry"],"_links":{"self":[{"href":"https:\/\/museenat-moudjahid.dz\/index.php?rest_route=\/wp\/v2\/pages\/4148","targetHints":{"allow":["GET"]}}],"collection":[{"href":"https:\/\/museenat-moudjahid.dz\/index.php?rest_route=\/wp\/v2\/pages"}],"about":[{"href":"https:\/\/museenat-moudjahid.dz\/index.php?rest_route=\/wp\/v2\/types\/page"}],"author":[{"embeddable":true,"href":"https:\/\/museenat-moudjahid.dz\/index.php?rest_route=\/wp\/v2\/users\/1"}],"replies":[{"embeddable":true,"href":"https:\/\/museenat-moudjahid.dz\/index.php?rest_route=%2Fwp%2Fv2%2Fcomments&post=4148"}],"version-history":[{"count":11,"href":"https:\/\/museenat-moudjahid.dz\/index.php?rest_route=\/wp\/v2\/pages\/4148\/revisions"}],"predecessor-version":[{"id":4790,"href":"https:\/\/museenat-moudjahid.dz\/index.php?rest_route=\/wp\/v2\/pages\/4148\/revisions\/4790"}],"wp:attachment":[{"href":"https:\/\/museenat-moudjahid.dz\/index.php?rest_route=%2Fwp%2Fv2%2Fmedia&parent=4148"}],"curies":[{"name":"wp","href":"https:\/\/api.w.org\/{rel}","templated":true}]}}